 common divisor of 1497895 and 175?
35
Calculate the highest common divisor of 43561 and 686.
343
What is the highest common factor of 256521 and 333?
111
Calculate the highest common divisor of 45211 and 232.
29
What is the greatest common factor of 153 and 527?
17
Calculate the greatest common factor of 46002 and 18573.
123
What is the greatest common factor of 427248 and 32?
16
What is the greatest common factor of 1320686 and 454?
454
What is the greatest common factor of 528 and 81543?
33
Calculate the highest common factor of 50435 and 49.
7
What is the highest common divisor of 2413 and 665?
19
Calculate the greatest common factor of 58350 and 125.
25
What is the highest common divisor of 60 and 61245?
15
What is the highest common divisor of 27918 and 8154?
54
What is the highest common factor of 557056 and 4?
4
Calculate the highest common divisor of 5928 and 1245374.
494
What is the highest common divisor of 18668 and 39?
13
Calculate the highest common factor of 72 and 19792.
8
What is the greatest common divisor of 2604 and 3654?
42
What is the highest common divisor of 183 and 23973?
183
Calculate the greatest common divisor of 671832 and 1085.
217
Calculate the highest common factor of 6008 and 184.
8
Calculate the greatest common factor of 4878222 and 31.
31
What is the greatest common factor of 120 and 105752?
8
What is the highest common factor of 2515 and 444149?
503
Calculate the highest common divisor of 35581 and 483.
161
Calculate the greatest common divisor of 42552 and 2376.
216
Calculate the highest common factor of 41605 and 9805.
265
What is the greatest common factor of 375689 and 31?
31
Calculate the highest common factor of 25740 and 47385.
585
Calculate the highest common divisor of 473 and 1144.
11
What is the highest common factor of 111015 and 90?
45
Calculate the highest common divisor of 526845 and 31.
31
What is the greatest common divisor of 1100 and 1078825?
275
Calculate the greatest common divisor of 188184 and 312.
24
Calculate the highest common divisor of 14148 and 558.
18
Calculate the highest common divisor of 1078 and 1582.
14
Calculate the greatest common factor of 13689 and 1539.
81
Calculate the greatest common factor of 2484807 and 754.
377
Calculate the greatest common factor of 11808212 and 52.
52
Calculate the highest common divisor of 40 and 11860.
20
Calculate the highest common factor of 525760 and 80.
80
What is the highest common divisor of 1710 and 28890?
90
What is the greatest common divisor of 172 and 467668?
172
What is the greatest common factor of 58 and 1106292?
58
What is the highest common factor of 6455575 and 1295?
1295
Calculate the greatest common divisor of 152048 and 43.
43
What is the greatest common factor of 29643 and 205?
41
Calculate the greatest common factor of 264946 and 44.
22
Calculate the greatest common divisor of 120 and 364200.
120
Calculate the highest common factor of 68 and 450194.
34
Calculate the greatest common divisor of 3371865 and 340.
85
Calculate the greatest common factor of 112017 and 3.
3
Calculate the greatest common divisor of 4386 and 36006.
102
What is the greatest common divisor of 47768 and 476?
28
Calculate the greatest common divisor of 686 and 29064.
14
What is the greatest common factor of 1719354 and 1638?
546
What is the greatest common factor of 72 and 41940?
36
Calculate the highest common divisor of 3612882 and 169.
169
Calculate the highest common divisor of 242 and 426338.
22
What is the greatest common factor of 916890 and 156?
78
What is the greatest common factor of 62835 and 30?
15
Calculate the highest common factor of 1945 and 86747.
389
What is the highest common divisor of 12250890 and 1395?
1395
What is the highest common divisor of 132 and 76560?
132
What is the greatest common factor of 96 and 2352?
48
What is the greatest common factor of 33 and 1374351?
33
Calculate the greatest common divisor of 864 and 36504.
216
Calculate the highest common divisor of 1738618 and 14.
14
Calculate the greatest common divisor of 44110 and 2530.
110
What is the greatest common factor of 1580 and 250?
10
Calculate the greatest common divisor of 99 and 20559.
33
What is the greatest common factor of 1848 and 11382?
42
What is the highest common divisor of 8190 and 36?
18
Calculate the greatest common factor of 40 and 111760.
40
What is the highest common factor of 184 and 437805?
23
What is the greatest common factor of 264 and 3812292?
132
What is the greatest common divisor of 88706 and 187?
17
Calculate the highest common divisor of 432686 and 134.
134
What is the greatest common divisor of 28615 and 3245?
295
What is the highest common factor of 19 and 6431?
1
What is the greatest common divisor of 122724 and 684?
36
What is the highest common factor of 56 and 58736?
8
Calculate the highest common factor of 7456 and 56.
8
What is the highest common divisor of 228 and 912?
228
What is the highest common divisor of 327681 and 1242?
207
What is the highest common divisor of 490274 and 174?
58
Calculate the highest common factor of 14 and 60767.
7
Calculate the greatest common factor of 3053 and 8236.
71
What is the greatest common divisor of 11 and 90035?
11
What is the greatest common divisor of 154 and 161854?
154
Calculate the highest common divisor of 223584 and 8.
8
Calculate the greatest common divisor of 28296 and 1296.
216
Calculate the greatest common divisor of 89006 and 36348.
466
What is the highest common divisor of 8025 and 1650?
75
Calculate the highest common factor of 19872 and 80.
16
Calculate the highest common factor of 4062 and 3385.
677
What is the highest common divisor of 22 and 28007650?
22
Calculate the highest common factor of 1478484 and 70.
14
What is the highest common divisor of 20267 and 689?
13
Calculate the greatest common factor of 11043 and 80573.
409
Calculate the highest common divisor of 697 and 1726469.
697
Calculate the highest common factor of 5058 and 342.
18
What is the greatest common divisor of 10 and 490?
10
What is the highest common factor of 1160 and 33920?
40
Calculate the highest common divisor of 3540 and 22080.
60
Calculate the highest common divisor of 18084 and 17622.
66
What is the highest common divisor of 105625 and 7500?
625
What is the highest common factor of 233706 and 22?
22
Calculate the greatest common factor of 118 and 76346.
118
What is the highest common divisor of 212 and 196?
4
What is the highest common factor of 44 and 1254?
22
Calculate the greatest common factor of 2 and 1752.
2
What is the highest common divisor of 12 and 38742?
6
What is the greatest common divisor of 1717 and 2929?
101
What is the greatest common factor of 187 and 16896?
11
What is the highest common divisor of 769431 and 273?
39
Calculate the highest common factor of 3053 and 2623.
43
Calculate the highest common factor of 55842 and 10824.
246
What is the greatest common divisor of 465417 and 9?
9
What is the greatest common divisor of 1325948 and 86?
86
What is the greatest common factor of 2796 and 1356?
12
What is the greatest common factor of 26592 and 74236?
1108
Calculate the highest common factor of 36715 and 210.
35
What is the greatest common divisor of 4121307 and 135?
27
Calculate the highest common divisor of 23941005 and 1865.
1865
Calculate the greatest common factor of 27 and 192321.
27
Calculate the highest common factor of 220 and 23200.
20
Calculate the greatest common factor of 4307 and 219.
73
Calculate the greatest common factor of 828 and 4088388.
276
Calculate the highest common divisor of 624 and 91272.
24
What is the greatest common factor of 7111 and 14769?
547
Calculate the greatest common divisor of 1098 and 25722.
18
Calculate the greatest common divisor of 86384 and 16.
16
What is the highest common divisor of 649734 and 6?
6
Calculate the greatest common factor of 60248 and 1020.
68
Calculate the highest common factor of 2759 and 2581.
89
Calculate the greatest common divisor of 19 and 48355.
19
What is the highest common factor of 1055653 and 292?
73
Calculate the greatest common factor of 75955 and 440.
55
Calculate the greatest common factor of 2463 and 69.
3
What is the greatest common factor of 987 and 147392?
329
Calculate the greatest common fa